{"id":454,"date":"2023-01-18T15:20:31","date_gmt":"2023-01-18T15:20:31","guid":{"rendered":"https:\/\/gabybaginsky.de\/?page_id=454"},"modified":"2023-01-21T10:44:34","modified_gmt":"2023-01-21T10:44:34","slug":"biographie2","status":"publish","type":"page","link":"https:\/\/gabybaginsky.de\/?page_id=454","title":{"rendered":"Biographie"},"content":{"rendered":"<p>25 mal konnte man Gaby Baginsky in der \u201eZDF- Hitparade\u201c bewundern, bisher mehr als 30 mal in der \u201eSWR Schlagerparade\u201c, in den ARD- Sendungen \u201eDie goldene Eins\u201c, \u201eWunschbox\u201c, \u201eFeste der Volksmusik\u201c, \u201eImmer wieder Sonntags\u201c, \u201eMusikantenscheune\u201c und in den ZDF-Sendungen \u201eMusik liegt in der Luft\u201c, \u201eDas gro\u00dfe Los\u201c, \u201eFernsehgarten\u201c, \u201eSonntagskonzert\u201c und fast in allen Sendungen der dritten Programme wie z.B. \u201eSchlagermagazin\u201c, \u201eSchaubude\u201c, \u201eFr\u00f6hlicher Alltag\u201c, \u201eFr\u00f6hlicher Weinberg\u201c, \u201eDAS\u201c, \u201eBingo Lotto\u201c, \u201eMundart &amp; Musik\u201c und nicht zuletzt bei der gelungenen Verladung der \u201eVersteckten Kamera\u201c. Alle TV-Auftritte von Gaby Baginsky aufzuz\u00e4hlen w\u00fcrde bedeuten, an dieser Stelle auch alle Unterhaltungssendungen des Fernsehens aufzuz\u00e4hlen.<br \/>\nEines steht fest: Seit Gaby Baginsky auf der B\u00fchne steht, \u00fcberzeugt die symphatische, allseits beliebte und erfolgreiche deutschsprachige S\u00e4ngerin durch hervorragendes K\u00f6nnen und dennoch durch ihre liebenswerte, bescheidene Art. Flei\u00df und Ausdauer haben den Erfolg von Gaby gepr\u00e4gt. Sie hat sich nie alleine auf ihre angeborene Begabung verlassen. Gesangs-,Klavier-, Ballett- und Tanzunterricht geh\u00f6rten zu ihrer Ausbildung. \u201eGaby Baginsky bringt mit ihren Liedern Sonnenschein in deutsche TV-Stuben\u201c verk\u00fcndete die Presse des \u00f6fteren. Stimmung, frohe Laune, Ausgelassenheit , ehrlicher Humor und Pep verbreitet die flotte S\u00e4ngerin aber auch bei Ihren Galas, Firmenfesten, Vereinsfeiern , Zeltauftritten und nat\u00fcrlich in der Keimzelle jeder Show, in der Diskothek .<br \/>\nSie ist der Inbegriff einer unbeschwerten fr\u00f6hlichen, temperamentvollen Frau und verk\u00f6rpert den heiteren, aber trotzdem niveauvollen deutschen Schlager. Die quirlige Gaby Baginsky wurde in Niedersachsen geboren und trat als 14-j\u00e4hriges M\u00e4dchen bei einem Schlagerabend in Salzbergen im M\u00fcnsterland zum ersten Mal auf.<\/p>\n<p>&nbsp;<\/p>\n<p><strong>Hier geht es weiter zum<br \/>\n<a href=\"https:\/\/gabybaginsky.de\/wordpress\/?page_id=396\">Steckbrief<\/a><\/strong><\/p>\n","protected":false},"excerpt":{"rendered":"<p>25 mal konnte man Gaby Baginsky in der \u201eZDF- Hitparade\u201c bewundern, bisher mehr als 30 mal in der \u201eSWR Schlagerparade\u201c, in den ARD- Sendungen \u201eDie goldene&#46;&#46;&#46;<\/p>\n","protected":false},"author":1,"featured_media":0,"parent":0,"menu_order":0,"comment_status":"closed","ping_status":"closed","template":"","meta":{"footnotes":""},"class_list":["post-454","page","type-page","status-publish","hentry"],"_links":{"self":[{"href":"https:\/\/gabybaginsky.de\/index.php?rest_route=\/wp\/v2\/pages\/454","targetHints":{"allow":["GET"]}}],"collection":[{"href":"https:\/\/gabybaginsky.de\/index.php?rest_route=\/wp\/v2\/pages"}],"about":[{"href":"https:\/\/gabybaginsky.de\/index.php?rest_route=\/wp\/v2\/types\/page"}],"author":[{"embeddable":true,"href":"https:\/\/gabybaginsky.de\/index.php?rest_route=\/wp\/v2\/users\/1"}],"replies":[{"embeddable":true,"href":"https:\/\/gabybaginsky.de\/index.php?rest_route=%2Fwp%2Fv2%2Fcomments&post=454"}],"version-history":[{"count":6,"href":"https:\/\/gabybaginsky.de\/index.php?rest_route=\/wp\/v2\/pages\/454\/revisions"}],"predecessor-version":[{"id":469,"href":"https:\/\/gabybaginsky.de\/index.php?rest_route=\/wp\/v2\/pages\/454\/revisions\/469"}],"wp:attachment":[{"href":"https:\/\/gabybaginsky.de\/index.php?rest_route=%2Fwp%2Fv2%2Fmedia&parent=454"}],"curies":[{"name":"wp","href":"https:\/\/api.w.org\/{rel}","templated":true}]}}